1)?
-39
Evaluate -4 - (14 - (322 - 325 - (-1 + 5))).
-25
52 + -2 - (102 + -65) - -128
141
(-11 - 17) + 13 - (-7 - -1) - (-60 - 1)
52
What is 57 + -53 + 30 + -28?
6
Calculate -3 - (31 + (-80 - -12) + 50).
-16
Calculate (61 - 42) + 22 - 61.
-20
What is the value of -7 - (-8 - 11) - ((7 - 15) + 19)?
1
What is 40 + (-15 - -4 - 60)?
-31
(91 - 1) + (1 - ((-15 - -27) + -3 + -21))
103
What is -77 + 1 - (24 - 43 - (-12 + 5 + -12))?
-76
-107 + (-13 - 27) + 35 + 8
-104
Evaluate 31 + -78 - (2 + -6 + 4 + 5 + -2).
-50
Evaluate -5 + (3 + (-1 - 9) - 39) + 7 + 2.
-42
What is the value of (-9 - 3) + (33 - 66)?
-45
-4 + (-2 - 85) + (10 - (-168 + 182))
-95
Calculate (-4 - 2) + (-23 - (30 - 36) - -20).
-3
What is (1 + 3 - -1) + (-67 - (-63 + 55)) + -2?
-56
Calculate 17 + 78 + (3 - 1) + (-1 - -15).
111
Calculate (26 - 6) + -10 + -1 + 3 + 39 + 4.
55
(-2222 - -2246) + (1 + 2 - (56 + 21))
-50
-15 + (1 + (-14 - (75 - 8)) - (-16 + 31))
-110
What is the value of 106 - (-2 - (-13 - -19 - (11 + 5))) - 2?
96
Calculate 40 + (-118 - (-94 + 60)).
-44
What is -5 + -235 + 21 + 88?
-131
0 + -8 - (255 - 359 - (-35 - 2))
59
Calculate 11 - 7 - (74 + (19 - 17 - -7)).
-79
Calculate -2 + 0 - 11 - (-32 + 79 + -45).
-15
Evaluate 73 - ((-6 - (-4 - -5)) + (2 - -18)).
60
What is the value of 2 - 36 - (-427 + 394)?
-1
What is the value of -150 + -123 + 282 - (3 + -2 + (77 - -1))?
-70
Evaluate (2 - (13 + 20)) + -6 + 6 + -12.
-43
What is -4 - ((-9 - 17) + 17 + 3)?
2
What is 10 - ((39 - -10) + -90)?
51
Calculate (0 - 1) + 4 + -8 + 24 + -43 + 10.
-14
Calculate 15 + 16 + (-9 - (6 + (11 - 21))) + 13.
39
Evaluate (-12 - (-18 + 31)) + -23 - (3 - 6 - 0).
-45
What is (8 - (-6 + 3)) + -7 + (-20 - -28) - -69?
81
(-10 - (56 - 43)) + 54
31
Evaluate -129 + 92 + (-117 - -189).
35
29 - -1 - (8943 - 9027)
114
Calculate 0 + (-1 + 26 - (-32 + 44) - 10).
3
Evaluate -13 + (42 - 52) - -34.
11
What is the value of 11 - (6 - ((23 - 15) + (-5 - (5 + -12))))?
15
13 + -29 + 6 + (4 - 6)
-12
Calculate 22 + (3 + -13 - 5) - -7.
14
1 - -43 - ((121 - 180) + 56)
47
-8 + 3 + -8 - (-77 - -97)
-33
What is the value of (143 - (-86 - -55)) + -109?
65
27 - (-6 - (2 - 15))
20
What is the value of 15 + 7 + -14 + (-3 - (56 + 4))?
-55
Calculate (19 - (11 - -16) - -29) + -73.
-52
What is the value of 6 + (-8 - 3 - 7) - (-27 - 24)?
39
Evaluate 10 - (-6 + ((-10 - -17) + -9 - -7 - 0)).
11
Calculate 30 + (2 + -119 - (206 - 224)).
-69
Evaluate -2 + 14 - 0 - ((17 - 2 - 0) + -17).
14
Evaluate -23 + (23 + 18 + -3 - 28).
-13
What is the value of -81 + 82 + (6 - (48 + -1 + 6))?
-46
(-21 - 5) + 37 - 4 - 31
-24
What is 0 + 6 + 33 + (-60 - (-107 - -55))?
31
-1 + -4 - (-41 + (41 - -72 - 28))
-49
What is the value of 9 + 1 - (10 - (2 - 39))?
-37
Evaluate -1 + (-1 - 13) + 8 + 40 + -16.
17
What is the value of (8 - 0) + 20 + (-36 - -7) - (32 - 0)?
-33
Evaluate 2 - (-11 - ((-18 - (-13 - -4)) + -65)).
-61
What is 7 + 6 + (24 - -34)?
71
What is the value of 8 - 1 - ((17 - 15) + (0 - 17) - 8)?
30
Calculate (0 - -3) + (-1 - 40) + 48 - -40.
50
Evaluate (-8 - 62) + (-12 - -5) - (-15 + 12).
-74
Evaluate -22 + -14 + (-7 - -5 - -9 - -13).
-16
What is 30 + (21 + -2 - (580 + -548)) + 1 + 1?
19
Evaluate (3 - 120) + 113 + -3 + (0 - -1) + 36.
30
Evaluate -56 - -43 - (-32 + -1 - -19).
1
(-176 - -145 - (2 + -19)) + 115 - 4
97
What is -1 - -17 - (-25 + 60 + -57)?
38
Calculate (-15 - -12) + -65 + 22.
-46
Evaluate -17 - (22 - 12) - -16 - 5.
-16
What is (-3799 - -3804) + 32 + -1 + 0 + 3?
39
What is (1 - 2) + 154 + -169 + 31 + -14 + -66?
-65
Calculate -9 - (-11 - (-42 - -31 - (0 + -2))) - 34.
-41
What is the value of (20 - 19 - 6) + 13 - (1 - 0 - 3)?
10
Evaluate (-14 - -3) + (-13 - (-18 - -1)) - -2.
-5
2 + 22 - (-70 + (-35 - -87))
42
Evaluate (-63 - -11) + (-10 + 3 - -7).
-52
What is 9 + (1 - 2 - (-4 + 4)) - (-222 - -247)?
-17
What is the value of (1138 - 1141 - (0 + -26 + 1)) + -7?
15
4 - (-6 + 6 + 73) - (42 - 48)
-63
Calculate (283 - 300) + -15 + -4.
-36
What is the value of 14 - (23 + (6 - 18)) - -53?
56
71 + (-6 + -9 - ((11 - 11) + -12 + 3))
65
Calculate -3 + 3 + 15 + 16 + -17.
14
What is the value of 164 + -70 + -119 - ((1 - 3) + -51)?
28
What is 21 + -18 + (-24 - -43) - -21?
43
What is 39 + -14 + (-58 - -87)?
54
-6 - (79 - 64 - ((1 - -33) + -4))
9
What is the value of 10 - (279 + -295 + (-1 - 27))?
54
Calculate (-5 + 2 - (-18 + 0) - 0) + -2023 + 2024.
16
Calculate (1 - (13 + -14 + 2)) + 45 + 9 + 0.
54
What is (-23 - -1) + (-15 - (113 - 57)) + -19?
-112
What is the value of (4 - 27) + -1 + 4 + (-1465 - -1552)?
67
What is the value of 36 + -14 - -26 - 18 - -11?
41
(-61 - -61) + (-47 - -9)
-38
What is -77 - 68 - (-58 - 19)?
-68
What is 149 - (102 + -155 - -318)?
-116
What is 52 + ((29 - 65) + 48 - (0 + -1))?
65
-1 - (-13 - (2 + -2)) - (-53 + -24 + 82)
7
What is the value of (0 - (6 - (-3 + (0 - -9)))) + -5 + 0?
-5
Calculate -8 + 13 + (-67 - 2) + 15.
-49
Evaluate (-10 - 3) + (32 - 29 - -33).
23
Calculate -82 + 70 - (3 - -73).
-88
What is -8 + (14 - 0 - (-28 + -20 - -26))?
28
Evaluate -22 - ((17 - 26) + -16 + -4).
7
Evaluate (-6 - -21) + -30 + 24 + -7.
2
Calculate 25 + (7 - (126 - (30 - -11))).
-53
Evaluate (-3 - (11 + -1)) + (23 - -138 - 99).
49
What is 181 - 138 - 51 - (28 - 1)?
-35
Evaluate -347 - -263 - (-81 + 5).
-8
Evaluate -12 + (40 - 60) + -7 + (3 - 1 - -1).
-36
Calculate (-31 - (30 - 76)) + -13 + (33 - 3).
32
Calculate 168 + -76 + 41 + 6 - 24.
115
-1 - 2 - (-13 + 6 + 8 + -2 - 32)
30
What is (-2 + 1 + -1 - (24 - -11)) + -14 + 10?
-41
Evaluate 14 + (-5 - 0 - (-56 + 38)).
27
374 + -367 + (0 + 0 - 12 - 0) - -29
24
Calculate (84 - 58) + -48 + -3.
-25
What is the value of -90 + 110 + 1 + (-16 - -1) + -6?
0
Evaluate -15 + (1 - -13 - (-12 - (12 - 41 - -10))).
-8
What is -20 + 162 - 129 - (5 + 1 + 2)?
5
Calculate -16 - (-49 + -1 + (-233 - -225)).
42
689 + -665 + (-34 - -1)
-9
Evaluate (-2 - -2) + (0 - (36 + -41)) + -49.
-44
What is (-23 - -7) + -2 + 38 + -54?
-34
Evaluate -2 + -5 + 182 + -156 + -14.
5
-1 + -112 - (-53 - (-59 - -42 - 39))
-116
What is 46 - (-2 - -17 - (107 + -109))?
29
42 - ((-98 - 37) + 201)
-24
What is (-2 - -2) + -11 - ((14 - 33) + -31)?
39
What is the value of 2 - (21 - ((0 - -13) + -7 - (1 + 7)))?
-21
Calculate (-6 - (-20 + -36 + 63)) + -30.
-43
Evaluate 17 - (129 + -56 - 84).
28
1 + 29 + (-97 + -27 - -162)
68
86 - (32 + 43) - 8
3
What is 23 + (30 - (-11 - -31))?
33
Calculate (9 + 10 - (13 + -2 - 16)) + 10 + -1.
33
What is the value of (18 - -16 - 35) + (-15 - (-3 + 5))?
-18
-29 - -7 - (33 - (49 + -36))
-42
What is -12 + (20 - (34 + 4 + 4) - -16)?
-18
What is -5 - (20 + -6 - -80)?
-99
Calculate (13 - 0) + (107 - 105) + 30 + -13.
32
(44 + 6 - -28) + -63
15
What is 89 + -70 - (6 + 1 + -1)?
13
Evaluate 116 - (-21 + 110) - 136.
-109
Evaluate 22 + -14 + (18 - (-9 - (-21 - -7))).
21
-10 + -1 + -28 + 129 + -77 + 1 + 95
109
What is (11 - -1) + 706 + -727 - (-3 + (3 - -11))?
-20
-5 + -1 - (7 - 4) - (-15 - (-13 + -7))
-14
What is (-72 + -2 + 6 - (-17 - (-11 + -1))) + 10?
-53
What is the value of 0 + 0 + -12 - (21496 - 21489)?
-19
Evaluate (-3 - -45) + 64 + -101 + 43.
48
What is the value of 8 + (5 + 4 + (-14 - (-5 + -3)) - -35)?
46
Calculate -82 - (50 - 116 - -22).
-38
Evaluate (88 - 147 - -126) + -51.
16
What is the value of 10 - ((11 - 21 - -9) + 2)?
9
What is the value of -5 - (6 - (-11 - (-9 - 13))) - 7?
-7
876 + -871 + (6 - 12) + 107
106
Calculate 31 - (51 - 30 - -33).
-23
What is 14 - ((-64 + 62 - 25) + -2 + 3 + 4)?
36
3 - (37 + -12) - (-4 - -22)
-40
Evaluate -6 - (-38 - (14 - (16 + -9))).
39
What is -7 - (-11 - 5 - (10 - (7 + -4)))?
16
Calculate (-3 - (5 + -1 + -9)) + (-2 - (8 - -9)).
-17
Evaluate -59 + 0 + -14 + (-23 - -24).
-72
12 - ((1 - 0) + -11 + (-63 - -101))
-16
What is the value of -2 - 4 - (39 - (7 - (-12 - 14)))?
-12
0 + 4 + 2 + (50 + -7 - (-102 - -90))
61
Evaluate (2 - 3) + 5 - (4327 + -4301).
-22
Calculate 31 + 4 + -7 - (-17 - (9 + -34)).
20
What is the value of 13 + ((-26 - -47) + 0 - 4)?
30
What is the value of 103 + (-2 - -2) + -91 + 229 + -125?
116
What is the value of 6445 + -6361 - (-3 - (-13 + (-1 - (-5 + 2))))?
76
Calculate 127 - -51 - (22 + 71).
85
Evaluate (-38 - -33) + 11 + 2 + (17 - 24).
1
Evaluate (11 - (35 - 24)) + (9 + -45 - (-3 - -5)).
-38
What is 6 - (24 + -14 + -1) - (75 + 1 + -3)?
-76
134 + 8 + (-1 - -1) + -43 + (-35 - -